 b(-3). Suppose 0*m = -5*k - 2*m - r, 2*k - m - 5 = 0. Calculate the remainder when h is divided by k.
0
Suppose -138270 = -153*j + 98*j. Calculate the remainder when j is divided by 37.
35
Let w be (4/((-12)/9))/((-9)/42). Suppose 10*l - 3*z = w*l - 110, 3*l - 5*z = 68. Calculate the remainder when 94 is divided by l.
16
What is the remainder when 163 is divided by (-6)/9 - 10270/(-195)?
7
Let c(w) = -9 + 51 + 13*w + 9. What is the remainder when c(0) is divided by 28?
23
Suppose 2*k - 1123 = -3*w, -5*w + 2662 = 3*k + 789. Suppose 5*a = 5*t + 100, -14 = -a - 0*a - 5*t. Calculate the remainder when w is divided by a.
16
Suppose 0 = -63*a + 51*a + 84. Suppose 0 = -5*m - 3 - 27. Let o(y) = 2*y**2 - 5*y - 5. What is the remainder when o(m) is divided by a?
6
Let r(s) = -3*s**3 - 25*s**2 + 29*s - 30. Let k(a) = a**3 + 12*a**2 - 16*a + 15. Let q(v) = 5*k(v) + 2*r(v). What is the remainder when 137 is divided by q(7)?
1
Let u = 337 - 335. Suppose 0*z = 2*z - 3*l - 27, -2*l = -u. Calculate the remainder when 52 is divided by z.
7
Suppose -3*x + 5*k = -7555 + 347, 0 = -x + 5*k + 2426. What is the remainder when x is divided by 266?
263
Suppose 0 = -12*m + 860 - 884. Let f(z) = -2*z**3 - 4*z**2 - 2*z - 4. What is the remainder when -228*(-7)/(-56)*m is divided by f(-3)?
17
Let h(n) = -618*n - 1189. Calculate the remainder when 890 is divided by h(-2).
44
Let k = 13062 + -13044. Let h(u) = -u**3 + 2*u**2 + 3*u - 2. Let x be h(3). Calculate the remainder when k is divided by (-18)/(-1 + x) + 1.
4
Let x = -1527 + 1539. Let t(h) be the second derivative of h**3/3 - 13*h**2/2 - 3*h. Calculate the remainder when x is divided by t(10).
5
Let d(s) = -2*s + 36. Suppose -3*q + 4 = 4. Suppose -2*j + 2*h - 20 = q, -2*h - 32 = 5*j - h. What is the remainder when 196 is divided by d(j)?
46
Let o be (-16112)/228*(4 - 1). Let l = o + 501. Calculate the remainder when l is divided by 99.
91
Suppose 92*j - 91*j = 12. Let i be (-10)/(-2) - (38 - j). Let c = i - -57. Calculate the remainder when 104 is divided by c.
32
Suppose 389 = -49*f + 4799. Calculate the remainder when 553 is divided by f.
13
Let u(f) = -20*f - 27. Let i be u(5). Let w = -116 - i. Calculate the remainder when (-3)/(-6)*78 - 1 is divided by w.
5
Let m = 26 - 26. Suppose -2*p + 19 - 5 = m. Let f(n) = -6*n + 5. What is the remainder when f(-7) is divided by p?
5
Let i = -33722 + 33833. Calculate the remainder when i is divided by 99.
12
Let w(q) = -q**3 - 4*q**2 + 6*q + 7. Suppose -7 = 5*s - 3*d - 2386, 3*s = 3*d + 1437. Calculate the remainder when s is divided by w(-6).
41
Suppose -5*y = -2*b + 6, 4*b + 2*y = 80 + 4. What is the remainder when 92 is divided by b?
2
Suppose x = -2*o + 156 + 36, 0 = -4*x - 4*o + 784. Suppose -3*g + p + 620 = -4*p, 3*p = g - x. What is the remainder when g is divided by 31?
29
Let o(v) = v**3 + 2*v**2 + 4*v + 1. Let x be o(3). Suppose -72 = 10*t + x. Calculate the remainder when 103 is divided by (16/(-2))/4*t.
25
Suppose 30*n + 2907 = 57*n - 441. Calculate the remainder when 3715 is divided by n.
119
Suppose -z = 2*n + 2, -4*z = -3*n + 10 - 24. Suppose -z*m + 108 = -0*m. Let o = m - 27. What is the remainder when o is divided by 14?
13
Let p(j) = 0 - 29 - 8*j - 60*j. Calculate the remainder when p(-1) is divided by 15.
9
Calculate the remainder when 766 is divided by (-3)/(-11) - (-90090)/1089 - 6.
73
Suppose 16*c + 1093 = 7749. Suppose 0 = 103*s - 99*s + c. Let w = s + 139. What is the remainder when w is divided by 10?
5
Let v be ((-18)/15)/((-30)/(-75)). What is the remainder when 12 is divided by (v - -3) + 3 + 1?
0
Let p(n) = -47 - 9*n - 5872*n**3 + 11733*n**3 - 5866*n**3 - 10*n**2. Calculate the remainder when p(-5) is divided by 34.
33
Let m(f) = -8*f**2 + 109*f + 2. What is the remainder when m(3) is divided by 13?
10
Let o = -10816 + 13126. What is the remainder when o is divided by 4?
2
Suppose 23*l + 4*o - 596 = 19*l, -2*o + 144 = l. Calculate the remainder when 483 is divided by l.
21
Let o be 5*-2*(-7)/(105/6). Suppose 7*v + 88 = o. Let n = v + 32. What is the remainder when 56 is divided by n?
16
Let f = -8387 - -8654. What is the remainder when f is divided by 80?
27
Suppose 4*k = -10 + 26. Let u(i) = 5*i**3 - 2*i**2 - i + 3. What is the remainder when u(k) is divided by 48?
47
Suppose 2*f - 5*d + 0 = -11, 0 = -5*f + 4*d - 2. Suppose -m = -4*n - 3*m + 264, -f*n - 3*m = -124. What is the remainder when n is divided by 19?
11
Suppose -5*r - 289 + 289 = -455. Let t(x) = x**2 + 5*x - 5. Calculate the remainder when r is divided by t(4).
29
Suppose 0 = -3*d - 129 + 156. Calculate the remainder when (d - -28) + 2 + -2 is divided by 14.
9
Suppose 4*q + 32*t - 27*t = 255, 0 = q - 5*t - 120. What is the remainder when (-520 - 1)*(-9 + 8) is divided by q?
71
Suppose -911*z + 968*z = 798. What is the remainder when 1578 is divided by z?
10
Let q be (36 - 12)*(-2)/(-6). Let c(h) = q*h**2 + 2 - h**3 + h**2 - 3*h**2 - 7. What is the remainder when 37 is divided by c(5)?
17
Let h(b) = 10*b - 5. Let r be h(4). Let o = -21 + r. Suppose 973 + 2996 = 49*y. What is the remainder when y is divided by o?
11
Suppose 5*u - 40 = -5*p - 5, 2*u = 4*p + 8. Suppose u*s - 58 = 260. Calculate the remainder when s is divided by 20.
13
Let i = -1546 - -1572. Suppose 51 = -2*z + 3*z. What is the remainder when z is divided by i?
25
Let l = 2 - 7. Calculate the remainder when 166 is divided by (4 + l + 0/(-6))*-34.
30
Suppose -431*t + 29092 + 6282 - 3911 = 0. Suppose 4*p + 3*k = 159, -3*p + 123 = k - 0. Let y = -5 + p. What is the remainder when t is divided by y?
36
Suppose 1404 = 33*d - 29*d + 4*i, -717 = -2*d - 5*i. What is the remainder when d is divided by 22?
16
Let d(a) = -6*a + 33. What is the remainder when (1 - ((-7)/(-2) + -4))*108 is divided by d(0)?
30
Let y be 1 - (2 - 0) - -32. Suppose -101 = -5*d - y. Let p(z) = -z**3 + 3*z**2 - 3*z - 56. What is the remainder when d is divided by p(-3)?
0
Suppose 5*i - 6 = 3*v, 2*v = 8*i - 11*i + 15. Suppose -348 = i*r - 9*r. What is the remainder when r is divided by 52?
6
Suppose -4*a = -j - 16962, 193*a - 25446 = 187*a + 3*j. What is the remainder when a is divided by 6?
4
Let i(n) be the first derivative of -n**4/4 - 5*n**3 + n**2/2 + 13*n + 37. Let s be i(-15). What is the remainder when 47 is divided by ((-5 - 52) + 5)/s?
21
Suppose 0 = 5*j - 111 + 31. Let q(p) = -2*p**2 - 22*p - 3. Suppose -68 = 7*w - 12. What is the remainder when q(w) is divided by j?
13
Suppose -142*h - 74*h + 989 + 35515 = 0. Calculate the remainder when 334 is divided by h.
165
Let w = -9388 - -11501. What is the remainder when w is divided by 40?
33
Suppose -3*m = 3*i - 36, 3*m - 5*i = 88 - 28. What is the remainder when (-298)/(-7) - 4/7 is divided by 0 + m*(3 + -2)?
12
What is the remainder when 1713 is divided by (25/(-35) + 2484/28)/(2/3)?
129
Let y(n) = 2*n**2 - 4*n - 5. Let w(a) = a - 3. Let h be w(9). What is the remainder when y(h) is divided by (-3)/(-24) + (-357)/(-24)?
13
Let h(j) = -2*j**3 - 23*j**2 + 94*j - 19. What is the remainder when 748 is divided by h(-15)?
18
Let c = 30880 + -30815. Calculate the remainder when c is divided by -2 + 24/(-1 - -2).
21
Suppose 3*x = -2*h + 60, h - 5*x + 0*x - 30 = 0. What is the remainder when 918 is divided by h?
18
Let w(a) = -13*a + 44. Let d be w(4). What is the remainder when 162 is divided by (d/(-12))/(4 + 1005/(-252))?
50
Let f(w) be the third derivative of 29*w**4/8 - 3*w**3/2 + 21*w**2 + w. Calculate the remainder when f(1) is divided by 10.
8
Suppose -7 = -l - 5*h - 25, 0 = 5*l - h - 40. Calculate the remainder when 20195/27 - (-50)/1350 is divided by l.
6
Suppose -134*p = -132*p - 314. Suppose 159*w = p*w + 34. What is the remainder when 59 is divided by w?
8
Let j be (5 + -2)*(-85)/51 + 9. Suppose -j*d = -726 - 418. Calculate the remainder when d is divided by 48.
46
Let j = -6417 + 6611. What is the remainder when j is divided by 133?
61
Let o(p) be the second derivative of -7*p**3/6 - 14*p**2 + p + 35. What is the remainder when 109 is divided by o(-8)?
25
Suppose 0 - 4 = -h, 5*k + 18 = 2*h. Calculate the remainder when 80 is divided by (-3 - k) + (-25)/15*-3.
0
Let o(d) = d**3 - 5*d**2 + 7*d - 7. Let s = 16 + 3. Calculate the remainder when o(6) is divided by s.
14
Suppose 21 = 3*l - 15. L